nvert -116977 (base 10) to base 8.
-344361
Convert 9e6e6 (base 15) to base 2.
1111011001001111001
What is -1087072 (base 9) in base 7?
-5002325
Convert -1439169 (base 13) to base 8.
-30366435
What is 104019 (base 11) in base 15?
34480
Convert -38c2b2 (base 16) to base 12.
-12b4842
-112101021201 (base 3) to base 4
-1011012310
-1035544 (base 10) to base 3
-1221121111111
-1640215 (base 7) to base 11
-1464aa
Convert -33997 (base 12) to base 10.
-68803
What is ba18f1 (base 16) in base 3?
211221121212201
932a93 (base 11) to base 14
2ad980
1403133 (base 7) to base 8
553173
What is -441553 (base 7) in base 2?
-10010111010010010
-10a3a2 (base 13) to base 8
-1401256
What is 423424443 (base 5) in base 2?
110110010100100011110
-19722 (base 12) to base 10
-37322
Convert -a6595 (base 11) to base 6.
-3154025
What is -3606871 (base 9) in base 14?
-38bdc3
What is 43c18b (base 14) in base 2?
1000110001011110001111
What is 1100100011001100000 (base 2) in base 11?
260a68
Convert 5016b1 (base 13) to base 4.
13012003230
a323c (base 14) to base 7
3224205
-731617 (base 9) to base 6
-13150241
Convert 1231131002 (base 4) to base 9.
752875
What is -14003221 (base 5) in base 15?
-2bbe1
Convert -411423312 (base 5) to base 8.
-6276471
2153404 (base 6) to base 10
108364
-3178371 (base 9) to base 5
-414033223
Convert 1140544053 (base 6) to base 11.
7326559
Convert 13262224 (base 7) to base 12.
4b1114
-10001201302 (base 4) to base 6
-34335254
-212355 (base 9) to base 2
-11110110111001010
-11110001000000110011 (base 2) to base 3
-1212011011111
-2402023 (base 5) to base 15
-d093
Convert 1531405 (base 8) to base 11.
27a952
27363841 (base 9) to base 14
1b17b22
What is -1000010001101011 (base 2) in base 12?
-1774b
Convert -1220110110 (base 3) to base 12.
-19863
What is 5020404 (base 7) in base 16?
90d5f
-6554755 (base 8) to base 9
-3271800
433749a (base 11) to base 14
1026206
Convert -101110100010100011100 (base 2) to base 12.
-616650
1012012112120 (base 3) to base 12
266a06
Convert -1daf71 (base 16) to base 14.
-388db3
What is 3b0b48 (base 16) in base 12?
1367374
-2886217 (base 9) to base 5
-401423224
What is -213103331 (base 6) in base 7?
-44123551
Convert -5117515 (base 8) to base 16.
-149f4d
What is 44727 (base 12) in base 11?
62322
-4a6373 (base 12) to base 15
-18e8a0
What is -17205610 (base 9) in base 15?
-b55999
-4746b (base 14) to base 6
-3420223
-10001111110011100101 (base 2) to base 11
-372601
Convert 5e1cab (base 16) to base 10.
6167723
-188642 (base 9) to base 8
-346205
Convert -37156 (base 15) to base 7.
-1331361
Convert -5031331 (base 6) to base 10.
-237511
Convert 111100101011011011 (base 2) to base 5.
30423124
Convert -663506 (base 8) to base 2.
-110110011101000110
-230073 (base 8) to base 7
-443031
-1862867 (base 9) to base 14
-1d2d70
Convert -2122222012 (base 3) to base 8.
-146362
Convert -651214 (base 9) to base 14.
-a1587
What is -339106 (base 14) in base 12?
-7069aa
Convert -2434356 (base 7) to base 15.
-62379
-52410a1 (base 11) to base 14
-132745b
Convert 54ebf (base 16) to base 4.
1110322333
What is -5361567 (base 10) in base 5?
-2333032232
What is 170233 (base 9) in base 10?
105168
254352252 (base 6) to base 12
17bb688
-22031301 (base 4) to base 12
-20269
-514048 (base 10) to base 15
-a249d
-3377156 (base 9) to base 15
-26008c
-2122323342 (base 5) to base 6
-240204212
What is -323b (base 14) in base 7?
-34204
What is -43225521 (base 7) in base 3?
-20221100022110
606a (base 15) to base 3
1000220201
-7ab88 (base 14) to base 11
-194400
-12425d3 (base 15) to base 6
-1145112300
What is 104a3b (base 12) in base 11?
166297
-22212201120120 (base 3) to base 5
-2201443013
Convert 11101011101010100011 (base 2) to base 14.
1b1acb
6423664 (base 8) to base 15
23cd35
Convert -12221001200 (base 3) to base 16.
-1c7cd
2403145 (base 7) to base 9
512454
Convert -13815597 (base 10) to base 3.
-221222220102210
Convert -12625c (base 13) to base 4.
-1223322130
What is 8f0e (base 16) in base 7?
211525
Convert 194585 (base 12) to base 11.
282a7a
What is 133969 (base 12) in base 13?
b173b
Convert 3722192 (base 10) to base 5.
1423102232
Convert 2110200100002 (base 3) to base 7.
14104241
What is 6a280 (base 12) in base 14?
39ac8
What is 522 (base 10) in base 2?
1000001010
Convert -10110100101100011 (base 2) to base 12.
-45657
Convert -119626 (base 16) to base 14.
-220050
What is -101011000000100 (base 2) in base 14?
-804c
What is 21c06e (base 15) in base 11?
9aa668
Convert -1110101000000 (base 2) to base 14.
-2a2c
853778 (base 14) to base 6
240313342
Convert -30320132 (base 4) to base 5.
-3142031
What is 113a04 (base 15) in base 16?
c8c6b
-848710 (base 9) to base 12
-204330
What is 17557e (base 15) in base 12?
467025
-35a252 (base 11) to base 7
-4562466
What is 454234142 (base 6) in base 16?
7f080e
4235 (base 11) to base 12
32b0
Convert 417cc3 (base 15) to base 7.
35321364
What is -17363a (base 11) in base 10?
-268300
Convert -120021021212012 (base 3) to base 16.
-7bd3b5
Convert 7250 (base 15) to base 8.
57126
-73063 (base 9) to base 3
-2110002010
-2871ba (base 13) to base 16
-f0e97
What is -1241334 (base 9) in base 8?
-2451662
-125521 (base 6) to base 10
-11641
Convert -25143114 (base 6) to base 10.
-806806
-302205 (base 6) to base 4
-11310131
-14125551 (base 6) to base 16
-74c0b
Convert -101022220122 (base 3) to base 2.
-110001101000111111
Convert -105516 (base 14) to base 5.
-120140134
Convert -c92cd (base 14) to base 12.
-1b5499
What is -45526 (base 8) in base 2?
-100101101010110
What is -1035225 (base 7) in base 14?
-3424c
44333042 (base 7) to base 9
7166708
What is -388487 (base 14) in base 9?
-3582166
Convert 2646544 (base 7) to base 12.
149527
What is 15861 (base 9) in base 14?
3d93
2130023 (base 4) to base 7
41066
Convert -418327b (base 12) to base 11.
-6a85473
147183 (base 10) to base 11
a0643
Convert -1230323312 (base 4) to base 2.
-1101100111011110110
143630 (base 9) to base 15
1b113
Convert 2c2b95 (base 16) to base 4.
23002232111
-2acc9 (base 13) to base 10
-81285
What is 430562 (base 7) in base 2?
10010001111100000
3312412300 (base 5) to base 12
249010b
Convert -108293 (base 10) to base 14.
-2b673
Convert 169218 (base 11) to base 8.
776021
Convert -5d800 (base 16) to base 4.
-1131200000
11c03 (base 14) to base 13
16a64
What is -403121441 (base 5) in base 10?
-1613996
100001000110000110001 (base 2) to base 13
2bc7c5
-110011101001111100001001 (base 2) to base 12
-4650375
Convert 486787 (base 9) to base 8.
1075510
What is 44322 (base 13) in base 5?
12423232
-11000101110000001101 (base 2) to base 3
-1112011002220
-160135141 (base 7) to base 4
-220330011112
Convert -45259a (base 12) to base 15.
-16bd87
Convert 1022122102012 (base 3) to base 13.
1b7463
-30134144 (base 5) to base 6
-5050432
116203343 (base 7) to base 2
11011111101010100100011
Convert -28470 (base 10) to base 8.
-67466
What is 10110112221220 (base 3) in base 5?
432411144
What is 1100100000101100100010 (base 2) in base 6?
154143322
-215002 (base 7) to base 8
-111544
751358 (base 9) to base 4
1231023011
Convert -7029 (base 10) to base 6.
-52313
What is -2263052 (base 7) in base 5?
-33100014
What is 10342311 (base 5) in base 3?
11120220121
468a7b (base 14) to base 6
123322005
-22333a (base 11) to base 10
-355783
What is -906ab (base 14) in base 10?
-347071
Convert -101662136 (base 7) to base 16.
-5b877c
-3ec97 (base 16) to base 6
-5302343
What is -39a42 (base 11) in base 6?
-1120342
Convert -1522113 (base 6) to base 16.
-15a1d
Convert -2011300012 (base 4) to base 10.
-547846
-2002200101102 (base 3) to base 13
-300a64
What is 7582a (base 13) in base 9?
353188
-100220212000 (base 3) to base 8
-575300
1756b0a (base 13) to base 4
130323133210
Convert 1188436 (base 9) to base 13.
19962c
What is -17648618 (base 9) in base 12?
-2b88775
Convert -369161 (base 10) to base 13.
-cc050
21242240 (base 5) to base 16
2c2d1
504193 (base 13) to base 4
13013131012
43335232 (base 7) to base 10
3706579
What is 10300220011 (base 4) in base 11?
7824a8
-4a8cf3 (base 16) to base 8
-22506363
What is -a50b5 (base 15) in base 16?
-7fc1f
What is 3540981 (base 10) in base 9?
6586273
522052501 (base 6) to base 15
bdde57
Convert -7cda7 (base 15) to base 14.
-a5057
What is 125792 (base 11) in base 10?
197936
What is -20210023010 (base 4) in ba